 Give w(q).
-9
Let l(a) be the third derivative of -7*a**5/60 + a**3/6 + 190*a**2. Calculate l(1).
-6
Let d(t) = -5*t**3 - 5*t**2 - 5*t + 5. Let i be ((-56)/49)/(2/(-7)). Let f(z) = -4*z**3 - 5*z**2 - 5*z + 4. Let v(s) = i*f(s) - 3*d(s). What is v(-4)?
5
Let v(x) be the third derivative of -x**5/30 - x**4/8 + x**3/3 - 219*x**2. Determine v(2).
-12
Let o(k) = 2*k**2 + k - 1. Let f(y) = -y**2 + 13*y - 25. Let j(v) = -3*v + 32. Let x be j(7). Let c be f(x). Determine o(c).
14
Let f(z) be the first derivative of -4*z - 1/3*z**3 + 8 + 5/2*z**2. Calculate f(6).
-10
Let o(p) be the first derivative of -6 + p**2 + 0*p + 1/24*p**4 + 2*p**3. Let y(w) be the second derivative of o(w). Give y(-6).
6
Let d be 2 - 2 - 0/1. Suppose -r + 2*l = 1 + 5, -2*r + 2*l - 6 = d. Let m(u) be the second derivative of u**4/12 - 5*u**2/2 - 849*u. Give m(r).
-5
Let i = -174 - -169. Let k(u) = 5*u + 9. Let z(r) = -r - 5. Let c(h) = 4. Let v(q) = -5*c(q) - 6*z(q). Let a(g) = -3*k(g) + 2*v(g). Determine a(i).
8
Suppose m - x - 2 = 0, 5*m = -5*x + 4*x - 2. Let z(q) = -q**3 - q**2 - 1. Determine z(m).
-1
Suppose 0 = 4*y + 2*r - 10, r = 2*r + 5. Let l(b) = 4*b + 6. Determine l(y).
26
Let s(c) be the second derivative of -c**2 - 2*c + 2 + 1/12*c**4 - 1/3*c**3. Calculate s(5).
13
Let g(b) = b**3 + 7*b**2 + 4*b - 3. Let i = 73 - 50. Suppose 9*n - 84 = i*n. What is g(n)?
9
Let c(n) = -n + 16. Let v be c(13). Let p(w) = -4 + 2 + v + w - 2. Let j(y) = -3*y + 11. Let q(g) = -j(g) - 4*p(g). What is q(-5)?
-2
Let o(t) = 3 + 6870*t**2 - 2 + 8*t - 6878*t**2 + t**3. What is o(7)?
8
Let l(f) = -f + 11. Let c be l(-17). Suppose 0 = b + 6*b + c. Let s(g) = -2*g - 2. Determine s(b).
6
Let o(g) be the second derivative of -g**5/20 + g**4/3 + g**3/2 - 3*g**2/2 - g. Suppose -46*y = -200 + 16. Determine o(y).
9
Let c = 3005 + -3003. Let f(p) = -p + 1. Let m(a) = 3*a - 2. Let k(s) = -5*f(s) - m(s). Give k(c).
1
Suppose 7*y - 24 = -y. Suppose 2*l - 14 = -2*g + 2, y*g = 2*l + 14. Let q(t) = -t**2 + 3*t + 7. Determine q(g).
-11
Let v(o) = -2*o - 10. Let j be (-14)/4*(-120)/(-35). Determine v(j).
14
Let l(p) be the first derivative of p**2 - 8 - 4/3*p**3 - p. What is l(1)?
-3
Let x(s) = -3*s**3 - 1. Suppose 0 = -14*m + 20*m. Let i be 3 - 1 - ((-2 - m) + 5). Calculate x(i).
2
Let d = 39 + -37. Let p(l) = 6*l + 0*l - 1 - l - 3*l**2 + 2*l**d. What is p(5)?
-1
Let s(q) = 5 + 213*q - 109*q - 103*q - q**2. Suppose -16 = -2*p - 2*p. What is s(p)?
-7
Let a(l) = l**3 + 8*l**2 + 7*l - 3. Let m = 48 + -50. Let k(r) = 7*r + 7. Let w be k(m). Give a(w).
-3
Let a(i) = -2*i. Suppose -5*c + 10*c = r + 21, -4*c + r + 16 = 0. Let h(m) = 4*m**2 + 6*m - 614 + 307 - m**3 + 308. Let p be h(c). What is a(p)?
-12
Let o be (-5)/(-2)*1*2. Let c(g) = 2*g + 5*g - 15*g + 3*g + 1 + 7*g. What is c(o)?
11
Suppose 9*w + 179 = 179. Let r(c) = -c**2 - c - 43. Determine r(w).
-43
Let l(p) = -3*p**2 - 9*p - 6. Let v be l(-3). Let u(s) = s**2 + 4*s + 5. Give u(v).
17
Let b(n) = n**2 - 38*n - 5. Let g(v) = v**2 - 32*v - 4. Let p(m) = -4*b(m) + 5*g(m). Give p(9).
9
Let m(x) = 9*x + 3*x - 29*x - 8 + 12*x. Calculate m(-9).
37
Let l(q) = -q**2 - 2*q - 4. Let b(i) = -i**3 + 9*i**2 - i + 5. Let n be 2 - (-3 + -1) - 2. Suppose 38 - 2 = n*o. Let d be b(o). Calculate l(d).
-12
Let m(w) = -281*w + 576*w + 1 + w**2 - 289*w. Suppose -2*r = f, -5*f - 14 = -0*f - 4*r. Let z = f - 2. Determine m(z).
-7
Let k(s) be the second derivative of -5/6*s**3 + 0 - 4*s**2 - 1/12*s**4 + 9*s. What is k(-6)?
-14
Let x(h) = -37 + 14 + 7*h + 20. Determine x(-2).
-17
Let z be ((270/(-12))/5)/(11/(-22)). Let x(u) be the first derivative of z + 1/2*u**2 + 0*u. Calculate x(0).
0
Let g(l) be the second derivative of 2*l**3/3 + 5*l**2 - 67*l. What is g(-7)?
-18
Let d(s) = -s**2 - s - 1. Let i(t) = 6*t**2 + 2*t + 3. Let a(o) = 4*d(o) + i(o). Determine a(-2).
11
Let n(y) = 70*y**2 - y. Let g be n(-1). Suppose 2*q = -b + 12 + 7, 4*q - g = -5*b. Let f(d) = -b - d**2 + 2 + 4 + 4*d + 1. Calculate f(3).
-1
Let f be (-4)/(-2) + 1 - -3. Suppose 2*n = f*n - 40. Let q = 10 - n. Let a(g) = -g - 6. Determine a(q).
-6
Let n(u) = u - 1. Let s be (84/8)/3*-2. Let c be ((-11)/(-2))/(2/4). Let p = s + c. Calculate n(p).
3
Let s(r) = r**2 - 11*r + 2. Let d be s(11). Let c be (-2)/12 + (-169)/(-78). Let w(l) = -4 - 5*l**2 + c*l + l + 2. Determine w(d).
-16
Suppose 6 = 4*u - 22. Suppose 6*h = u*h - 8. Let l(p) = 7 - 6*p + h*p - p**2 + 2*p. Determine l(6).
-5
Suppose 6*l + 0*l = 156. Let t be (3/2)/(l/(-52)). Let m(k) = -k**2 + k + 3. What is m(t)?
-9
Suppose 69 - 55 = -2*s. Let a(x) = -x - 1. Let l(c) = -2*c - 1. Let m(h) = 3*a(h) - l(h). What is m(s)?
5
Suppose 0*d = 2*d + 2*f - 8, -2*d - 5*f + 5 = 0. Let y(q) = -q**3 + 3*q**2 + 4*q + 6. Calculate y(d).
-24
Let o(z) = -z**3 + 5*z**2 + 6*z - 7. Suppose i = 11*i - 4*i. Suppose 2*u + g - 17 = i, 4*u - 3*g = 15 - 6. What is o(u)?
-7
Let f = -28 + 29. Let r(o) = 6*o - 6*o - 10*o - o + f. What is r(1)?
-10
Let i(q) be the second derivative of q**6/360 - q**5/60 - q**4/12 - 17*q**3/6 - 20*q. Let o(g) be the second derivative of i(g). What is o(3)?
1
Let l be 4 + ((-6)/(-10))/(9/(-45)). Let b(x) be the second derivative of -x**3/3 + x**2 - 2*x. Let w(f) = f - 1. Let p(c) = l*b(c) + w(c). What is p(-1)?
2
Let s(q) = 53 + 2*q + q - 52. What is s(0)?
1
Let d(h) be the third derivative of h**6/120 - 7*h**5/60 + h**4/4 + 7*h**3/6 - 21*h**2 - 2*h. Determine d(6).
7
Let p(c) = c**3 - 4*c**2 - c + 5. Let u be p(4). Let d(k) = -8*k**3 + k**2 - k + 1. What is d(u)?
-7
Suppose -4*o + 2*h = 2, 5*o - 6*h = -2*h + 2. Let i(a) = a - 6. Let j(x) = 2*x - 13. Let z(y) = o*j(y) + 5*i(y). Calculate z(-3).
-7
Let y(x) be the third derivative of x**6/120 + x**5/60 + x**4/12 - 10*x**3/3 - 881*x**2. Give y(0).
-20
Let d(s) = -135 + 4*s - 5*s + 133. What is d(-9)?
7
Let b = 32 + -31. Let k(n) = 6*n - 2 + b + 5 - n**2 - 1. Calculate k(6).
3
Suppose 0 = -4*i + 3*o + 17, 4*i + 5*o = -0*i - 7. Let n = 46 - 43. Let b(y) = -i*y**2 + y**3 + 0*y**n - 2*y**3 + 7*y**2 + 2 + 6*y. Give b(6).
2
Let g(r) = -r**3 + 5*r**2 - 2*r + 2. Suppose -2*a = -0 - 12. Let p be 4*3*a/18. Determine g(p).
10
Let w(x) = 14*x**2 + 7*x. Suppose -8*p + 14 + 10 = 0. Let n(r) = -7*r**2 - 4*r. Let l(f) = p*w(f) + 5*n(f). Give l(-1).
6
Let u(j) = -11*j**3 - 4*j**2 - 6. Let b = 17 - 22. Let v(k) = -10*k**3 - 5*k**2 - 7. Let r(y) = b*v(y) + 6*u(y). What is r(1)?
-16
Let x be 42/(-35)*(-15)/9. Let q(i) be the third derivative of 0*i + 0 - 1/6*i**3 - 5/12*i**4 - 8*i**x. Determine q(1).
-11
Let n(m) = -m**2 + 9. Suppose 54 = f - 2*f. Let g be (-4)/(-18) - (-12)/f. Calculate n(g).
9
Let g = 124 + -126. Let h(z) be the third derivative of z**5/60 + z**3/6 - 8*z**2. What is h(g)?
5
Let g = -2083 + 2068. Let o(t) = t**2 + 18*t + 8. Give o(g).
-37
Let j(d) be the second derivative of d**4/6 + 2*d**3/3 + 3*d**2/2 - 4*d. Suppose -5 + 17 = -4*t. What is j(t)?
9
Let f(k) = 0 - 79*k**2 + 0 + k - 4 + 78*k**2. Let v(q) = 2*q**2 - q + 5. Let l(m) = -5*f(m) - 4*v(m). What is l(2)?
-14
Let m(l) = -37*l**2 + 3*l + 2. Let s(h) = -72*h**2 + 7*h + 5. Let p(d) = -5*m(d) + 2*s(d). Determine p(-1).
42
Let b(v) = -v**2 + 6*v - 1. Let l(c) = c**3 - 8*c**2 + c - 4. Let n be l(8). Let q(h) = -6*h + 6. Let k be q(n). Let g = -13 - k. Give b(g).
4
Let w(b) be the first derivative of b**2/2 + 2*b + 106. Suppose 3*q + y + 7 = -0*y, 0 = -5*q - 5*y + 5. Determine w(q).
-2
Let f(c) = 15*c**2 + c - 5. Let h(r) = 6*r**2 + r - 3. Let m(g) = -3*f(g) + 5*h(g). Give m(-1).
-17
Let k be 498/415 - 2/10. Let z(h) = -13*h**3 - h**2 + 2*h. Give z(k).
-12
Let k(o) be the second derivative of o**3/6 - 5*o**2/2 + 45*o + 2. Give k(8).
3
Let r(b) = -b**3 - 6*b**2 - 8*b - 6. Let n be 1/(-2) - (-108)/8. Let v = 14 - n. Suppose f + v = -4. Calculate r(f).
9
Let c(k) = 11*k + 6. Let d(v) = -13*v - 10. Let a(o) = -38*o - 29. Let l(h) = 6*a(h) - 17*d(h). Let p(i) = -5*c(i) - 8*l(i). Give p(-1).
1
Let f(m) be the third derivative of m**4/24 + 99*m**2 + 2. What is f(5)?
5
Let p(i) = 14*i - 3. Suppose 0 = -3*q + 3*u + 3, -3*q + 1 = -u - 4*u. What is p(q)?
25
Let w = -7 - -11. Let n(a) = -w*a - 1 + 1. Let m be 7/(-3) + (-24)/36. Calculate n(m).
12
Let v(q) = -q + 5. Let r(j) = j - 11 + 0*j - 4*j + 4*j. Let x be r(-5). Let s = x - -22. What is v(s)?
-1
Let b(p) = -34*p + 4 + 